 0 = -v + 293 + 161. Let n = v + -215. Is n a prime number?
True
Let i = -58 - -62. Suppose -1667 = -4*u + 5*r, -i*r + 0*r = -u + 425. Is u prime?
False
Is (-2)/44 - 21507174/(-396) composite?
False
Let d(f) = f**3 - 2*f**2 - 10*f - 32. Is d(9) prime?
False
Suppose -3*u + 14 = q - 6*u, 5*q = -2*u + 2. Suppose -2*m - 4*r - 2 = 0, -q*m + r + 22 = -r. Is m a composite number?
False
Let f(o) = 3*o - 3. Let a be f(5). Suppose 13*m - a*m = 497. Is m composite?
True
Let m(h) = 355510*h - 1461. Let d(p) = 487*p - 2. Let w(v) = -1461*d(v) + 2*m(v). Is w(-1) prime?
True
Let f(a) = -a**3 - 3*a**2 - 3*a - 7. Suppose 18 = -5*d - 4*u, 2*d - u = u - 18. Is f(d) a prime number?
False
Suppose 5*x - 9071 = 774. Is x composite?
True
Suppose 3*l - 3124 = -4*b, -7*l + 5*b + 4217 = -3*l. Let f = 1679 - l. Is f composite?
False
Suppose 2*z - 48 = -0*z. Suppose -y = 3*s - z, y - s = 7 + 1. Is y/4 + 68/2 a composite number?
False
Suppose -15*r + 193319 - 34934 = 0. Is r composite?
False
Let c be ((-21)/(-3) - 0) + -3. Suppose -c*k + 2*k + 12 = 0. Is k/30 + (-228)/(-10) a composite number?
False
Suppose 15 = 6*y - y. Suppose 0 = 5*t - 12 - y. Suppose -2*f = -4*u - t*f + 146, 5*f + 47 = u. Is u a composite number?
False
Suppose 0 = -2*m - 3*l + 17561, -4*l = -5*m - 3*l + 43894. Is m a prime number?
True
Let c(r) = 21914*r**2 + 7*r - 8. Is c(1) composite?
True
Let v = 11 + -6. Suppose 4*z - v*u = 45, 4*z - 3*u = z + 30. Suppose -z*g + 4*n + 1959 = -0*n, -3*g + 2*n + 1177 = 0. Is g composite?
True
Suppose -10*a - 12 = -14*a. Suppose 2*x - 2308 = -a*k, 8*k = 5*x + 3*k - 5745. Is x prime?
True
Let g be ((-174)/(-12))/((-1)/(-6)). Let j = -50 + g. Is j a composite number?
False
Let o = 8 + -14. Let l = -2 - o. Suppose -h + 110 = l*h. Is h a prime number?
False
Suppose 19 = -5*s - r, 3*s + 5*r = -32 + 3. Let y = s - -8. Is (y/2)/(2/148) a prime number?
False
Let n = 978 + -157. Is n a composite number?
False
Let l = 20 - 6. Let c(k) = k**2 + 1. Let t(u) = -5*u**2 - 5*u - 26. Let b(y) = 6*c(y) + t(y). Is b(l) prime?
False
Let t = 10 - -20. Suppose 3*u + 4 = 16. Suppose -2*g + 4*i + t = -124, -2*g + 114 = u*i. Is g a prime number?
True
Let p be (-6*1)/(12/8). Is -4 - p - (-542 - -1) prime?
True
Let u(r) = -r**2 - 4*r + 1. Let p be u(-3). Let x(o) = 2*o - 6. Let t be x(p). Let m = 449 - t. Is m a prime number?
False
Suppose 191*j = 165*j + 929734. Is j a composite number?
False
Let z be (-18333)/(-4) - (-2 - 5/(-4)). Suppose 6*c - 1458 - z = 0. Is c a prime number?
False
Let w = 42 - 35. Suppose -6*s - 83 = -w*s. Is s a composite number?
False
Let o(n) = 6 + 12*n**3 - 2*n**3 - 2*n**3 - 6*n - 3*n**2. Let i be o(4). Let x = i - 255. Is x composite?
False
Let a(k) = -k - 4. Let y(c) = -6*c + 1. Let v be y(1). Let n be a(v). Is n*(-2)/(-2) + 117 composite?
True
Let m(i) = i**2 - 4*i + 9. Let k(w) = -4*w**2 + 16*w - 35. Let j(r) = 2*k(r) + 9*m(r). Is j(22) a composite number?
True
Let a be 2 - 524/(-4) - 2. Let t = a - 31. Suppose 0 = 3*v - 6, -2*v - t = -3*b - 5. Is b prime?
False
Let b(j) = -224*j - 4. Let c be b(-2). Suppose 1377 + 868 = 5*n - 5*a, -2*a - c = -n. Suppose -2*f + n = -f. Is f a prime number?
False
Suppose 177*z - 5556397 = 100*z. Is z a composite number?
False
Let v be ((-4)/(-8))/(1/(-2)). Let u be (v + 563)*3/6. Suppose 7*c = 2*c - 2*b + u, 2*c + 3*b - 108 = 0. Is c a prime number?
False
Let s = 3 + -12. Let x = -4 - s. Suppose a - 155 = -x*w + 83, -a = -w + 44. Is w prime?
True
Suppose 747 = h + 33. Let n = h - 379. Is n composite?
True
Suppose 2*h = 5*w - 5 - 14, w = 3*h + 9. Let o(m) = 183*m**2 - 3*m - 1. Is o(h) composite?
True
Let b = 4 - 14. Let r be 3200/(-18) - b/(-45). Is (1*r)/(4 + -6) a composite number?
False
Is (1 + 11)/6 + 31803 a composite number?
True
Is (-3)/(6/(-36646)) + (-209 - -203) a prime number?
False
Suppose -925 = -2*v - 3*v. Suppose -2*k = 2*j + 96, -5*j - 25 = -5*k + v. Is 0/4 - -1 - j a composite number?
True
Suppose -5*t + 9 = -1. Let m be 4/6 - t/(-6). Is m + -1 + 958 + -5 composite?
False
Suppose 5*b - 1604 = 4*g + 183, b - 2*g - 361 = 0. Is b prime?
False
Let s = 4735 + -408. Is s a prime number?
True
Suppose -3*h = 2*h. Suppose -5*x + h = -125. Suppose x = 4*k + 3*p, -6 - 5 = -2*k - 3*p. Is k composite?
False
Suppose 3*x - 6895 = -4*r, -9190 = 2*x - 6*x - 2*r. Suppose j + t - x = -j, 0 = -j + 3*t + 1166. Is j prime?
True
Is 6142 + (5 - (5 + -1)) + 0 a composite number?
False
Let p be ((-10)/(-30))/((-2)/(-30)). Suppose 3*u - 165 = -4*l + 8*u, -p*u - 200 = -5*l. Is l prime?
False
Suppose -54*d = -175*d + 5085751. Is d a composite number?
True
Suppose -5*m + 6 = -4*m - t, 4*m - 32 = -4*t. Let j(g) = 31*g + m + 36*g + 5 - 12*g. Is j(5) a composite number?
True
Let d = 38 + 12. Let g(a) = -a**2 - 9*a + 72. Let w be g(5). Suppose 4*t + w*s = d, -42 = -3*t + 3*s - 6*s. Is t prime?
True
Let s = -1389 - -3082. Let r = s + -422. Is r a composite number?
True
Let x = -9 - -12. Suppose 2*l - 750 = x*l. Let v = l - -1745. Is v composite?
True
Let j(z) = 7*z**2 + 60*z + 9. Is j(-44) a prime number?
False
Let f(d) = d**3 + 27*d**2 - 16*d - 9. Let x be f(-13). Is x/4 + (-4)/16 prime?
True
Let b(w) = -w**3 - 3*w**2 - 4*w + 17. Let h be 2*(-3 - -2) - (16 + -12). Is b(h) prime?
True
Let w = -16520 + 42183. Is w a composite number?
True
Let y = -31 - -34. Suppose -3*t - 2*j = -383, 0 = y*t - t + j - 255. Is t prime?
True
Suppose -4*d = -338 - 506. Is d composite?
False
Is 41674/18 + (-11 - (-582)/54) prime?
False
Suppose -3*y + 1 = 4*o, -3*y + 3*o + 21 = 2*y. Suppose -1477 = -4*u - 3*j, 3*j = -u + y*u - 761. Is u composite?
False
Suppose -763*j + 760*j = -20247. Is j prime?
False
Let x = 5871 + -2826. Suppose -2*q - x = -7*q. Suppose 3*g - 6*g + q = 0. Is g a prime number?
False
Let c(f) = 6*f + 29*f - 90 + 77. Is c(4) a composite number?
False
Suppose 9*p - 459 = 288. Is p composite?
False
Let v(o) = -o**3 - 7*o**2 - 4*o - 8. Let k be v(-7). Suppose -2*w + 0*i + 22 = -2*i, -4*i - 20 = 0. Let b = k - w. Is b composite?
True
Suppose 0 = 2*f - 9228 - 5426. Is f a prime number?
False
Suppose 3*i = -5*f + 25, 2*i + 4*f - 23 = -5. Is 728 + 6*i/10 prime?
False
Suppose -1519 = -5*v + 2501. Suppose 0 + 1 = -h, h = -5*n + v. Is n prime?
False
Let m be -1 + 20 + (0 - -1). Is m/8*590/5 a composite number?
True
Let m(y) = y**2 + 36*y + 94. Is m(29) a composite number?
False
Let c be 2*10*9/12. Is 13/3*c/1 a composite number?
True
Suppose 2*i - i + 10794 = h, -2*h = 2*i - 21584. Is h a prime number?
False
Let r(a) = -1139*a + 1. Let j be r(-1). Let x = -803 + j. Suppose -6*z + z - 3*d = -x, 2*d = 5*z - 317. Is z a composite number?
True
Let k(x) = -3*x - 44. Let n be k(-16). Suppose 0 = -3*g + w + 1325, w + 0 - n = 0. Is g composite?
False
Suppose -5*l + 90 = -3*p, -p - 18 = -l - 4*p. Suppose -4*n - 4*f = f + 43, 0 = -f + 1. Is (333/l)/((-2)/n) a composite number?
True
Let j(z) = 12095*z + 80. Let r(m) = -448*m - 3. Let d(q) = 2*j(q) + 55*r(q). Is d(-1) prime?
False
Let h = 35 - 32. Suppose 1519 = h*o + 4*q, -4*q + 1854 + 675 = 5*o. Is o a composite number?
True
Suppose 10 + 38 = 8*m. Let a be (-11 + 2)*4/m. Is ((-28)/a)/((-8)/(-60)) composite?
True
Suppose -6*f + 2*f = q - 11594, -5*f = -2*q - 14499. Is f a composite number?
True
Suppose 19*r - 24*r = 4*w - 49074, 4*r + 8 = 0. Is w composite?
True
Suppose -y = -3*z + 1675, -5*y + 1651 = -3*z + 6*z. Is z composite?
False
Let c(y) be the third derivative of y**6/120 + y**5/4 + 3*y**4/4 - 5*y**3/2 - 47*y**2. Is c(-7) composite?
False
Suppose 1070 = 2*z + 2*n, -2*n - 130 = -2*z + 932. Is z composite?
True
Let s(p) = -99*p - 25. Suppose 5*c - 3*i + 66 = i, -5*c = -i + 69. Is s(c) a composite number?
False
Let q be 15*1 + (-7 - -6). Suppose q*a = 13*a + 223. Is a composite?
False
Suppose -5*a = 4*p - 68513, a + 2*a = -2*p + 41109. Is a composite?
True
Let v(q) = -253*q**3 + 11*q**2 + 43*q + 2. Is v(-3) a prime number?
True
Suppose 10*x - 6366 = 8*x. Suppose 5*g + x = 8*g. Is g a prime number?
True
Let c = 1690 - 4395. Let u = -974 - c. Is u a prime number?
False
Let x = 3813 + -2722. Is x composite?
False
Let w(j) = -j**3 + 8*j**2 - j + 8. Let q be ((-16)/(-10))/((-3)/(-15)). Let y be w(q). Suppose y = 12*l - 14*l + 1042. Is l a prime number?
True
Suppose 3*u = -3*a + 168, 3*u - 85 = 4*a + 76. Let o be ((4 - 6) 